1
Let s(p) = 354*p + 6172. Let r be s(-14). Calculate the greatest common factor of 171 and r.
19
Let m = 71681 - 71256. Let w be (68/6)/(6/45). What is the greatest common divisor of w and m?
85
Suppose -p - 3*c + 2220 = 0, -5*c - 11168 = -5*p - 3*c. Suppose -7*t - t = -p. What is the highest common divisor of 18 and t?
9
Let g = -60 + 54. Let s be (102/(-9))/(4/g). Suppose 0 = v - w - 10, -3*v + w + 43 - s = 0. Calculate the greatest common factor of 20 and v.
4
Suppose -3*p + 5*p = -g - 27, 4*g - 4 = 0. Let j be ((-207)/6)/(7/p). Suppose 2*m - 187 = j. What is the greatest common divisor of m and 16?
16
Let h = 17 - -21. Let d(p) = -p**2 + 29*p + 744. Let g be d(40). What is the greatest common factor of g and h?
38
Suppose 0 = 3*b + 100*w - 105*w - 123, 2*b = w + 75. Suppose -39*d + b*d = -105. What is the highest common divisor of 63 and d?
7
Let y be ((-3)/(-9))/((-4)/(-72)). Let l(m) = -m**3 + 6*m**2 + m + 3. Let g be l(y). Suppose -g*s + 130 = 31. Calculate the highest common divisor of s and 33.
11
Suppose -4*p + 161 = -x - 5172, -3*p + 4008 = 2*x. Calculate the highest common factor of p and 116.
58
Let u = 8 - -43. Suppose -205*g - 8 = -209*g, 0 = -p + 2*g + 30. Calculate the greatest common factor of u and p.
17
Let t be (-42)/(-10) + (-6)/30. Let g be 3*(-14508)/(-189) + t/(-14). What is the greatest common factor of g and 46?
46
Suppose -5*z + 1041 = 351. Let n = 273 - z. Calculate the highest common factor of n and 180.
45
Let u = 21 - 21. Suppose u = -16*c + 20*c - 24. Let a(r) = 11*r + 24. Let n be a(c). Calculate the greatest common divisor of n and 45.
45
Let s be (0 - -1)/((-39)/(-117)). Let k(h) = 23*h + 31. Let v be k(s). What is the greatest common divisor of v and 350?
50
Let l = 87 + -85. Let w(j) = -5*j**3 - 2*j + j**3 - 7 - 9*j**2 + 7*j**l + 1. Let h be w(-2). What is the greatest common divisor of 55 and h?
11
Suppose 6*g + g - 936 = -6*g. Calculate the highest common factor of 3288 and g.
24
Let w(r) = r**3 - 22*r**2 - 2*r + 23. Let q be w(23). What is the greatest common factor of q and 322?
46
Let a(i) = -67*i + 35*i + 36*i + 2*i**2 - i**2. Let k be a(2). Calculate the highest common factor of k and 9.
3
Let k(i) = 2*i**2 + 102*i - 593. Let r be k(36). Calculate the highest common divisor of 214 and r.
107
Suppose 85*o + 12*o - 16673 = 9517. Calculate the highest common divisor of 170 and o.
10
Let h(t) = -9*t**2 + 303*t - 190. Let b be h(33). What is the greatest common factor of 188 and b?
4
Suppose -3*v + 6*g = 3*g - 10467, 5*v = -5*g + 17425. What is the highest common factor of v and 11?
11
Suppose -2*u + 4*l + 35800 = 0, 53*u = 58*u - 5*l - 89515. What is the greatest common factor of 14 and u?
14
Suppose -548 + 372 = -16*r. Suppose 5*i + 528 = 9*i. Suppose -3*f - f + i = 0. What is the highest common factor of f and r?
11
Let j(v) = -3*v**3 + 8*v**2 + 38*v + 112. Let d be j(-6). What is the highest common factor of 1660 and d?
20
Let i = -194 - -205. Suppose i*b = 5*b + 48. What is the greatest common divisor of b and 8?
8
Suppose 106 = -4*m + 86, 202 = 4*a - 2*m. Let b(u) = u**2 - 11*u - 10. Let x be b(-7). Let t = -20 + x. What is the greatest common factor of t and a?
48
Let r = 724 - 685. Calculate the greatest common divisor of 141 and r.
3
Let g be 50/(-6)*(-14)/(42/9). Let k be (-2 + 495/g)*55 - 6. Calculate the highest common divisor of 7 and k.
7
Let a(g) = -52*g + 709. Let z be a(13). Let v(r) = -r + 4. Let q be v(-4). Let m be q/(-28) - (-2543)/7. What is the highest common divisor of m and z?
33
Let c = 3219 + -1935. Calculate the greatest common factor of 8 and c.
4
Let b = 3122 - 1541. What is the greatest common factor of 3 and b?
3
Let x(y) = y + 8. Let l be x(-23). Let i = 81 + l. Calculate the highest common divisor of i and 6.
6
Suppose -80*z - 5*z + 159 = 74*z. What is the greatest common factor of z and 101?
1
Suppose -370 - 785 = -7*c. Let f be (-2)/(-12) + (-1649)/(-6). Calculate the greatest common factor of c and f.
55
Let p(w) = 3*w**2 + 18*w + 28. Suppose -10 = -74*d + 75*d. Let k be p(d). Calculate the greatest common divisor of 4 and k.
4
Let c be ((-77)/(-4))/(57/456). Suppose -171*k = -c*k - 153. Let j(o) = -8*o - 5. Let d be j(-4). Calculate the highest common divisor of d and k.
9
Let x = 515 - 500. Let v(j) = j**3 - 16*j**2 + 17*j + 26. Let p be v(x). Calculate the greatest common factor of 196 and p.
28
Let b = 565 - -1284. What is the highest common factor of b and 43?
43
Let i(b) = 9*b**3 - 2*b**2 + 2*b. Let a be i(2). Let j(m) = 7*m**2 - 19*m + 36. Let c be j(2). Let q = a - c. Calculate the highest common divisor of 105 and q.
21
Let p = -424 - -644. Let a = p - 193. What is the highest common divisor of a and 45?
9
Suppose -2*x + 1269 = 4*k + x, 2*x = -4*k + 1266. Let f = -34456 + 34491. What is the highest common factor of k and f?
35
Suppose 75*u - 66727 - 75848 = 0. What is the highest common factor of 1 and u?
1
Suppose -4*u - u + i = -14398, 5*u = -3*i + 14406. Suppose 36*w - u = -0*w. Calculate the highest common factor of w and 280.
40
Let m be (((-16)/(-120))/((-9)/(-2511)))/((-2)/(-10)). What is the highest common factor of m and 5952?
186
Suppose -12*m - 11*m = -22*m - 750. What is the highest common factor of 120 and m?
30
Suppose y = -1, 1 = a - y - 3. Let t(j) = -j**2 - 16*j - 14. Let v be t(-15). Calculate the greatest common factor of a and v.
1
Suppose -5*v + 336 = v. Let g(d) = 2*d**2 - 38*d + 30. Let y be g(20). Calculate the greatest common divisor of v and y.
14
Let h(y) = -y**2 - 109 - y**2 + 10*y**2 + 2*y**3 + 114 - 3*y. Let x be h(-4). Calculate the greatest common factor of 119 and x.
17
Suppose 0 = -5*a + 251 - 26. Suppose 18*b + 953 = 3*l + 16*b, l + b = 326. Let v = l - 316. What is the highest common factor of v and a?
5
Let n(l) = -21*l + 3. Let v be n(-12). Suppose -28*m + 31*m - v = 0. Calculate the greatest common divisor of 10 and m.
5
Suppose -7*u = -5*u - 4. Let j = 275 - 271. Suppose j*g + 1 = -5*v, 0 = g + 2*v + 4. Calculate the highest common divisor of g and u.
2
Let l(i) = -22*i - 1324. Let h be l(-60). Let v be 107/4 + 2/8. Let k be 8*v*(-3 + (-14)/h). Calculate the highest common factor of k and 12.
12
Suppose -91 = -l + 3*t, 3*l + 32*t - 273 = 31*t. What is the greatest common divisor of l and 91?
91
Let m = 33030 + -32698. Calculate the greatest common factor of m and 12533.
83
Let l(s) = s**3 + 17*s**2 + 39*s + 201. Let b be l(-13). What is the greatest common factor of 8695 and b?
185
Suppose -28*g + 40898 = 5*n - 26*g, 6*n - 3*g - 49083 = 0. What is the highest common divisor of 20 and n?
20
Let g = 797 + -795. Calculate the greatest common divisor of g and 50.
2
Suppose -2*f = -23*m - 8794, -3*f + 4*m + 6404 = -6848. What is the highest common factor of f and 1989?
221
Let f(y) = 5*y + 71. Let b = 22 - 35. Let o be f(b). Let t(v) = -v**3 + 7*v**2 + v + 6. Let u be t(6). Calculate the greatest common divisor of o and u.
6
Let z be (4/(-8)*-212)/(2/4). Suppose 8*n - 9*n = 0, z = 2*u + 2*n. What is the highest common factor of 4 and u?
2
Let h(u) = 5*u - 9. Suppose 0 = 6*a - 13*a + 14. Suppose 0 = -v - 0*o + a*o + 3, 0 = -3*o. Let r be h(v). Calculate the highest common divisor of r and 42.
6
Suppose 0*n - a = 4*n + 2611, -2*a = -2. Let b = -377 - n. Suppose -288 - b = -12*u. Calculate the greatest common factor of u and 329.
47
Let u(l) = 7*l + 2. Let f be u(2). Let t = -6 + f. Suppose 149*r - 133*r - 261*r + 2450 = 0. Calculate the highest common divisor of t and r.
10
Let t = -2020 + 2034. Let d(r) = -r**3 + r**2 + 3*r + 1. Let h be d(-2). What is the greatest common factor of t and h?
7
Let o be -1*0/(-1 - 7) - -105. Calculate the highest common factor of o and 2130.
15
Suppose 34 = 3*m - o, -m - o = -3*o - 13. Let h(l) = 2*l**2 - l + 1. Let p be h(-2). Let v = 22 - p. Calculate the highest common factor of v and m.
11
Suppose -93 = -5*q - 76*p + 72*p, 4*q - 82 = -7*p. Calculate the highest common factor of 1241 and q.
17
Let u be ((-4)/2)/(5/(235/2)). Let l = u + 52. Suppose l*f = 3*c - 235, -f + 4 = -3*f. What is the greatest common divisor of 15 and c?
15
Let s(h) = -h**3 + 16*h**2 + 11*h + 112. Let m be s(17). Let u be 1/(3/(709 - -2)). Suppose -3 - u = -4*q. Calculate the greatest common factor of q and m.
10